 composite number?
False
Suppose 4*u + 10 = 4*j - 2, 2*u + 9 = 3*j. Is (-31908)/(-24) - (1/2 - u) composite?
True
Let z(v) = 6*v**2 - 2*v + 13. Is z(-9) composite?
True
Let k(f) = -2*f**3 + 2*f**2 - 3*f + 2119. Is k(0) a prime number?
False
Let k = 1 + 1. Suppose -4*g + k - 30 = 0. Let h(b) = -3*b**3 - 6*b**2 - 6*b - 14. Is h(g) prime?
False
Is ((-589418)/152)/((-1)/4) composite?
False
Suppose i - 3*r + 60 = 4*i, -i + 15 = -4*r. Let c(y) = -y**3 + 6*y**2 + y - 6. Let h be c(6). Suppose -f + i = -h*f. Is f composite?
False
Suppose -296707 + 9094 = -3*k. Is k a prime number?
False
Let s be (36/27)/(4/66). Let w = s - 13. Suppose 0 = -3*z - w, -337 = -t + z - 121. Is t a prime number?
False
Suppose -2*y + 3*t = -0*y + 9, -t + 14 = 3*y. Let w = -4 - 15. Let k = y - w. Is k prime?
False
Suppose 0 = -2*k + a + 4742 + 808, 3*k + 5*a - 8351 = 0. Is k composite?
False
Suppose 0 = -3*t - 15, 0*k + 3*t = -4*k + 65. Suppose 2*y - 3*y - 380 = -4*c, c - 95 = -2*y. Suppose x = c + k. Is x a prime number?
False
Suppose -478 + 142 = 3*n. Suppose 3*w + 310 = -4*o, 0*w + 247 = -3*o + 5*w. Let a = o - n. Is a a prime number?
False
Let d be 48/(-9) - (2 + (-7)/3). Let v(z) = -17*z**3 + 3*z**2 + 6*z + 7. Is v(d) prime?
False
Suppose 4*d - 30252 = 2*w, 0*d - 2*w = 5*d - 37815. Is d prime?
False
Let a = 108 - 39. Is a prime?
False
Is ((-5568150)/12)/(-25) - 3/2 prime?
False
Let y = -3083 - -1466. Let v = y + 3214. Is v a prime number?
True
Is (1/4)/(16/196672) prime?
False
Let v(x) = 217*x**2 + 7*x - 1. Let h(n) = n**3 + 10*n**2 - 2*n - 17. Let s be h(-10). Is v(s) composite?
False
Let q = -9 + -2. Let n = -14 - q. Is -2 - (n - 507) - -3 prime?
False
Let q be 230418/39 - 10/65. Is 0 + q/(8 + -4) a prime number?
False
Let h(y) = 4*y**3 + 6*y**2 - 18*y + 2. Is h(6) a composite number?
True
Let g = 3 - -1. Let a be 1 - (4 + (-1008)/g). Suppose -4*h = 5*r - 859, h = -5*r + a - 23. Is h a prime number?
True
Suppose 4926 = 11*x - 4721. Is x a composite number?
False
Suppose 584 - 1756 = -4*x - 4*d, -5*x - d + 1457 = 0. Suppose 0 = 2*j + k + x, 5 = k - 0. Let v = j + 439. Is v a prime number?
False
Let s(r) = -28*r + 55. Suppose 9*q - 11*q - 56 = 0. Is s(q) composite?
False
Let z = -173 + 441. Let s = z - -1255. Is s a prime number?
True
Let y be (5/3)/((-1)/21). Let r = y - -66. Suppose r = -2*v + 537. Is v a composite number?
True
Let j be 2/(-4)*(6/3 - 1098). Let l = j - 133. Is l composite?
True
Let v = -3882 - -6443. Is v prime?
False
Suppose 24272 = -7*s + 127599. Is s composite?
True
Let b(q) be the second derivative of 43*q**4/12 + q**3 - q**2 + 13*q. Is b(-5) a prime number?
False
Suppose -4*x + 110 = -10. Let o = 99 - x. Is o prime?
False
Let n = -2293 + 3380. Is (n/(-4))/((-3)/12) composite?
False
Suppose -20*k + 29*k - 83637 = 0. Is k composite?
False
Let z = -18190 - -34941. Is z composite?
True
Let n = -10 - -8. Let w be n + (-6)/(-3) + -8. Let f(m) = -36*m + 11. Is f(w) composite?
True
Let j(y) = 6*y**3 - 4*y**2 + 41*y + 8. Is j(9) a composite number?
True
Let x(h) = h**3 - 25*h**2 + 10*h + 23. Suppose -m = 0, -4*b - b + 135 = -m. Is x(b) prime?
False
Let q(s) = s - 10. Let m be q(12). Suppose 17 = m*a - 9. Suppose 0 = -a*g + 15*g - 2994. Is g composite?
True
Suppose 83*w - 118*w = -767165. Is w composite?
True
Is ((-57841)/14)/(2/(-16)*4) a composite number?
False
Let o be (-2)/(-5)*10/2. Suppose 0 = o*v - 5*d + 10*d - 567, 5*v - 1350 = d. Is v a prime number?
True
Suppose 2*z - 83 - 23 = 0. Suppose -3*f + z = 2. Suppose f = -q + 174. Is q prime?
True
Suppose 193*z = 196*z - 4*d - 18575, -4*d - 20 = 0. Is z prime?
False
Let h = -287 - -195. Let q = -13 - h. Is q prime?
True
Suppose 97176 + 9766 = 22*m. Is m a prime number?
True
Let v = 750 + -440. Let i = -17 + v. Is i composite?
False
Suppose 45*u - 49804 = -4*x + 41*u, u = x - 12451. Is x a prime number?
True
Suppose 4*i = 6*i - 6328. Suppose -t = 3*t - i. Is t composite?
True
Suppose -5*v + 1565 + 6305 = 0. Is v prime?
False
Suppose -108 = -4*u + 5*p, -4*p = -2*u - 3*u + 126. Suppose -f + 2 = o - 0, f - 2 = 0. Suppose o = -s - 5*q + 62, 254 = 5*s - q + u. Is s prime?
True
Let v(y) = 9*y**2 - 25*y - 73. Is v(-24) prime?
True
Let d be -9*2*(-2)/4. Let a(x) = -x**2 - 16*x**3 - 9 - d*x**3 + 10. Is a(-1) a prime number?
False
Let o(b) = 2*b - 14. Let u be o(7). Suppose u = 2*k - 495 - 631. Is k a composite number?
False
Let p be 1/(-4) - (-4)/16. Suppose 3*d + 1481 - 470 = p. Is (10 - 11)/(1/d) composite?
False
Let v be (-1 - -7) + -2 - 1. Let y be (v/(-1) - 3)/(-2). Suppose 0 = 4*b - 5*h - 619, -y*b + h = -0*h - 478. Is b prime?
False
Let o(w) = 31*w**2 + 25*w + 119. Is o(-8) a composite number?
True
Let d = -38429 + 56616. Is d composite?
True
Let b = 912 + 857. Let j = 3292 - b. Is j a composite number?
False
Suppose -3*d = -d - 22. Let k = d + -33. Let w = 1 - k. Is w a prime number?
True
Let c(g) = -113*g - 3. Let f be c(-1). Suppose 2*w + f = 972. Suppose -2*y = 5*x - w, -x + 76 = 2*y - 5*y. Is x prime?
False
Let b be -2 - -1 - (-4 - -3). Suppose b = -8*o + 9*o. Is o + 128 - (2 - 1) a prime number?
True
Suppose -521 = 3*n + 1960. Let u = n + 1946. Is u composite?
True
Let n = 375 + -298. Is n a prime number?
False
Is (-3 - 12642/(-12))*2 composite?
True
Let y be (2 + (-24)/20)/(2/480). Let i = y + 73. Is i prime?
False
Let z = 12336 - 4829. Is z a composite number?
False
Let r be 38/9 - 6/27. Suppose r*v - 7 - 5 = 0. Suppose -2*d - v*z = 2*d - 15, -3*d - 3*z + 9 = 0. Is d prime?
False
Let j(w) = -w**2 + 733. Is j(0) a composite number?
False
Let w(c) = -c + 8. Let s be w(-4). Let r be (-1)/(-7 - -3)*s. Suppose x - 117 = -j, 3*j = j + r*x + 254. Is j composite?
True
Is (1458878/371)/((-18)/(-14) - 1) prime?
True
Let z be (-3 + 12/(-8))/((-6)/4). Suppose 2*g - 1 - 5 = 0. Suppose z*m + r = -2*m + 443, -g*r = -m + 95. Is m prime?
True
Let j(p) = 20601*p**3 - 8*p + 6. Is j(1) composite?
False
Let a be 4/(-10) + 66/15. Is (-614)/a*(0 - 2) composite?
False
Let k = 85097 + -36798. Is k a prime number?
True
Suppose 0 = -3*k + k - 4*f + 8, 3*f = 2*k - 15. Let c be (164/12)/(1/k). Suppose 3*u = -2*v + 785, v - c = 2*u + 321. Is v a composite number?
False
Is 0 - ((-1)/(-1) + -12884) a prime number?
False
Suppose 0 = -6*p + 31*p - 82475. Is p a composite number?
False
Let w be (-6 - -8) + (104 - -2). Let x = -210 + w. Let m = 245 + x. Is m prime?
False
Suppose 1900 = -2*j - 348. Let y = 2167 + j. Is y composite?
True
Is 332846/5 - (-3 + (-48)/(-15)) a composite number?
False
Let m be 3 + -1 + 0/(-3). Suppose k + 14863 = 2*s + 2*s, m*s - 3*k - 7439 = 0. Is (-2)/(-8) + s/4 prime?
True
Let o be (-168)/(-8) - (3 - 0). Suppose 5*v = 2*v + o. Is (-508)/v*3/(-2) a prime number?
True
Let b(l) = -1344*l + 235. Is b(-28) prime?
False
Let o be (8/20)/(6/2085). Let j = 146 + -86. Let r = o - j. Is r a prime number?
True
Let t be (-6)/(-51) - 420/102. Let o(j) = -j**2 - 1 + 3*j - 2*j**3 - 4 - 2*j**3. Is o(t) a prime number?
True
Let b(j) = 56*j**2 - 9*j + 43. Is b(6) prime?
False
Suppose -21 - 9 = -5*y. Let q(l) = -10*l + 1 + 2 + 0 - y. Is q(-4) a prime number?
True
Let x = -16007 - -27441. Is x composite?
True
Let u be 2/(-5) + 678/(-5). Let l = 155 - u. Is l a prime number?
False
Let y(m) = -23*m + 4. Let z(c) = -c. Let t be (-22)/(-4) + 5/(-10). Let s be z(t). Is y(s) a prime number?
False
Let v(o) = 2*o**2 + 2*o - 1. Let i be v(1). Suppose i*n = 2*j - j, n - 3*j = 0. Suppose -3*u + 69 = -3*g - g, -u + 5*g + 34 = n. Is u a prime number?
True
Suppose 0 = -3*m - a + 6, -m + 18 = -6*a + a. Suppose -3*y + z - 6 = -39, -m*y - z = -33. Let r = y - 5. Is r a composite number?
True
Let k(m) be the first derivative of 14*m**3 + 15*m**2 - 13*m - 3. Is k(-9) a composite number?
False
Suppose -7*l + 36 = -4*l. Suppose -42 = 5*s - l. Is 9/s*(-10884)/18 a prime number?
True
Let d = -32 + 34. Suppose -5*a + 660 = -4*f, -4*f - 61 = a - 193. Suppose -4*y + a = 2*l, 3*l - 362 = -2*l - d*y. Is l a composite number?
True
Let a(g) = -3*g + 94. Suppose m = -7*m + 4*m. Is a(m) a prime number?
False
Let u = -22 + 17. Let z = u + 9. Suppose -4*r = -y + 69, z*r = -3*y - 0*r + 143. Is y composite?
False
Let b(p) = 15*p - 6. Let h be b(2). Let j(n) = 0*n - n - h + n**2 - 24 + 175. Is j(0) a prime number?
True
Is 593900/380 - 2/(-19) composite?
True